s divided by 8?
5
Let z = -25156 - -25187. What is the remainder when 62 is divided by z?
0
Let s(f) = -19*f**3 - 4*f**2 - 5*f - 1. Let n = 61 + -62. Calculate the remainder when s(n) is divided by 7.
5
Suppose 12*s = 27*s + 180. Let d(g) = 4*g + 55. Calculate the remainder when d(s) is divided by 3.
1
Let v(g) = 5*g**2 + 9*g + 29. Let l be v(-6). Let d = l - 107. Suppose -2*s + 2*n = -d, 0 = 3*s - n - 34 - 32. Calculate the remainder when s is divided by 11.
10
Let b be (1 - 86)*(-24 - -23). Suppose 3*u - w - b = 0, 0*u = -2*u + 2*w + 54. Calculate the remainder when u is divided by 27.
2
Let w(c) = 61*c - 230. Let t be w(10). Suppose t = -202*b + 206*b. Calculate the remainder when b is divided by 25.
20
Suppose -d = -4*d + 3*c + 45, -3*d - 4*c + 66 = 0. Let u be (-50)/d + (-2)/(-27)*-3. What is the remainder when 14 is divided by (2*(4 + u))/1?
0
Suppose 12*z + 28 = -2*z. What is the remainder when 34 is divided by (18/(-8))/((-18)/8 - z)?
7
Let o(b) = -485*b - 741. What is the remainder when o(-4) is divided by 148?
15
Let d(h) = -35*h + 154 - 109 + 31*h. Calculate the remainder when d(-22) is divided by 36.
25
Suppose 86*f = 62*f - 40*f + 10624. Suppose 0*u - 14 = -u. What is the remainder when f is divided by u?
12
Suppose 3*g + s - 22 = 65, -3*g + 4*s = -72. Let l(c) = c**2 - 131*c + 4204. Calculate the remainder when g is divided by l(56).
0
Suppose -606 = -7*i + 346. Let y = -185 + i. Let s = 132 + y. Calculate the remainder when s is divided by 23.
14
Let r = 16661 + -15661. What is the remainder when 3005 is divided by r?
5
Let p(n) = -n - 5. Let t be p(-8). Suppose 4*o + 5*r - 243 = 0, 8*r - 6*r = -t*o + 177. What is the remainder when 340 is divided by o?
55
Let w(l) = -2*l**2 - 64*l - 293. Calculate the remainder when w(-21) is divided by 19.
17
Let x(y) = y**3 - 3*y**2 - 37*y - 12. Calculate the remainder when 500 is divided by x(8).
8
Suppose x + 6160 = 11*x. Suppose 2*h - x = -k, 2*h + 937 = 5*h - 5*k. What is the remainder when h is divided by 52?
49
Let d = -204830 - -204852. Calculate the remainder when 4/(-10) - (-422)/5 is divided by d.
18
Suppose 2*w + p = 5*p + 252, -288 = -2*w - 5*p. Suppose 46 = 2*z + 48, 0 = -d - 5*z + 42. Calculate the remainder when w is divided by d.
40
Let k(z) = 164*z**2 + 27*z - 55. Let j be k(2). Let b = 709 - j. What is the remainder when 377 is divided by b?
53
Suppose 3*s = -s + 4, -3*w + 497 = 2*s. Let q = 27115 - 27094. Calculate the remainder when w is divided by q.
18
Suppose -2*u + 1250 = 5*j, 6*j = 2*j - 4*u + 1012. What is the remainder when j is divided by 2 - -243*8/(144/6)?
82
What is the remainder when ((128/(-6))/(-8))/(1588/528 - 3) is divided by 66?
22
Let o = 60 + -52. Calculate the remainder when (-20)/(-6)*((-63)/21)/((-20)/168) is divided by o.
4
Suppose -188 = -f + x, -x = 3*f - 5*f + 372. Let b = f - 172. Calculate the remainder when 29 is divided by b.
5
Suppose -500400 = 89*t - 179*t. What is the remainder when t is divided by 107?
103
What is the remainder when 9178 is divided by (2/6*3)/((-1)/(-20)*2)?
8
Let a(d) = -7*d**2 + 97*d - 180. Calculate the remainder when 557 is divided by a(11).
37
Let q = 23074 - 22034. Calculate the remainder when q is divided by 519.
2
Suppose -8014 + 42774 + 7590 = 70*n. What is the remainder when n is divided by 65?
20
Let n(j) = -3*j - 11. Let p be n(-10). Suppose 0 = -p*r + 16*r + 96. Suppose -5*a = d + 4 + 13, -4*d = -5*a - r. What is the remainder when 20 is divided by d?
2
Suppose -4*w - 1362 = -6*w + 2*s, -5*w + 3387 = 4*s. What is the remainder when w is divided by 168?
7
Suppose 61*c + 5393 = 68040. Calculate the remainder when c is divided by 147.
145
Let f = 46 + -45. Let m be ((-6)/15)/(f/(-40)). Suppose m = 3*y - 2*u, 3*y - y = 4*u. What is the remainder when 15 is divided by y?
7
Let u be 2/8 + 46305/60. Let q = u - 710. What is the remainder when q is divided by 19?
5
Let j(y) = y**3 - y**2 + y. Let z = -266 - -286. What is the remainder when 1635/z - 2/(-8)*1 is divided by j(3)?
19
Suppose -7*v - 13*v = -19*v - 292. What is the remainder when v is divided by 104?
84
Let u = 138 + -87. Let s = -44 + u. Calculate the remainder when 20 is divided by s.
6
Let u(x) = -70*x + 627. Let o(d) = -14*d + 125. Let j(s) = -11*o(s) + 2*u(s). What is the remainder when 138 is divided by j(12)?
44
Let s = -11407 + 11524. Calculate the remainder when s is divided by 47.
23
Let w(f) = f**3 + 38*f**2 + 6*f + 226. Let z be w(-38). Let y(s) = -6*s - 6. What is the remainder when 801 is divided by y(z)?
3
Calculate the remainder when ((-10)/1)/(800/(-157280)) is divided by 326.
10
Suppose 41*i = 42*i + 7. Let y be (6 + i)/((-2)/4). Suppose 2*b - b - 3 = 0, y*n - 1 = 5*b. Calculate the remainder when 20 is divided by n.
4
Suppose 38*d - 1615 = -25*d + 58*d. Calculate the remainder when d is divided by 82.
77
Let z(u) = -23*u**2 - 663*u + 31. Calculate the remainder when z(-18) is divided by 105.
103
Let t(b) = -b**2 + 29*b - 67. What is the remainder when 146 is divided by t(5)?
40
Suppose -o + 120 = 2*o. Suppose o = 5*t - 5*c - 20, -4*t - 5*c = -39. Let j = 70 + -27. What is the remainder when j is divided by t?
10
Suppose 0 = -4*k - 32, 4*i - 1050 + 966 = 2*k. Calculate the remainder when 3294 is divided by i.
13
Let i = 4049 + -3421. Calculate the remainder when 2518 is divided by i.
6
What is the remainder when ((-8)/(-70))/(6*(-6)/(-29430))*7 is divided by 170?
144
Let m = 6244 + -6224. What is the remainder when m is divided by 7?
6
Let a(f) = 7*f + f + 4 - 5*f + 11. Let c be a(0). Suppose -2*q - 284 = -4*v, 3*q - c = -3. Calculate the remainder when v is divided by 19.
16
Suppose -q + 113 = -0*q - 5*h, -3*q = 4*h - 282. Let k = 4920 - 4903. What is the remainder when q is divided by k?
13
Let h = 6735 - 6726. What is the remainder when 472 is divided by h?
4
Let a(k) = 18*k + k**2 - 37*k + 11*k - 66. What is the remainder when a(16) is divided by 33?
29
Suppose 0 = -5*c + 4*u + 134, -233*u = 3*c - 234*u - 86. What is the remainder when 290 is divided by c?
20
Let u(q) = -2*q**3 - q**2 + 2*q - 4. Let o be u(-4). Suppose -4*l + 60 = -o. Calculate the remainder when 119 is divided by l.
39
Suppose 0 = 2*q + 4, -2*x - 2*x + 474 = -3*q. What is the remainder when -33*(-8)/(216/x) is divided by 45?
8
Suppose -3*h = 9, -7*p + 5*p = -h - 145. Calculate the remainder when 283 is divided by p.
70
Suppose 2*b + 2*b - 160 = 0. Calculate the remainder when b is divided by 2/((-576)/3584 + (-2)/(-7)).
8
Let f(r) = 7*r**2 - 13*r - 2*r**2 + 32*r - 20*r + 21 - 10*r. What is the remainder when f(6) is divided by 24?
15
Let n = 225 + -159. Calculate the remainder when n is divided by 21.
3
Let j = 104 - 2. Suppose -j = 4*y - y. Let i = y - -48. What is the remainder when 138 is divided by i?
12
Calculate the remainder when (10 - 0)/(1304/1302044) is divided by 222.
217
What is the remainder when 590 is divided by (770/150 - 5) + 2233/15?
143
Suppose 0 = 3*i - 3061 + 820. Calculate the remainder when i is divided by 124.
3
Let x(j) = -15*j - 38. Let s be x(-8). Suppose 5*f - 23 - s = 0. Calculate the remainder when 145 is divided by f.
19
Let i(v) = -28*v + 1623. Calculate the remainder when 265 is divided by i(56).
45
Let y(g) = -g**2 - 9 - 9 + 19 + 5*g. Let t be y(4). Suppose k = t + 14. Calculate the remainder when 54 is divided by k.
16
Let x = 470 - 453. Suppose -5*z - 2*j + 234 = -0*z, -z = 5*j - 56. What is the remainder when z is divided by x?
12
Let l = 772 - 328. Suppose -u - 4*u - l = -3*g, 0 = g + 2. Let m = -63 - u. What is the remainder when 80 is divided by m?
26
Let j be 45/(-75)*(0 - -1335)*-1. Let q be 14/(-1 - -3)*-1. What is the remainder when 51 is divided by (-2)/q - j/(-63)?
12
Suppose -4*d = -8*g + 6*g - 1032, 0 = 4*d - 5*g - 1014. What is the remainder when d is divided by 13?
1
What is the remainder when 190 - (5/3)/(19/57) is divided by 65?
55
Suppose 0 = -6*c + 5*x + 2214, -199*c - 2*x + 1134 = -196*c. What is the remainder when c is divided by 66?
44
Let d(f) = 2*f**3 + 6*f**2 + f + 4. Let v be d(-3). Let t(h) = 2*h**3 - 3*h**2 - 6*h + 5. What is the remainder when t(4) is divided by (5 - 8/(-4))/v?
5
Suppose -5*x + 390 = 4*c, 2*x = -7*c + 4*c + 149. Calculate the remainder when 1143 is divided by x.
77
Let r = -42 + 43. 